{"id":765,"date":"2025-12-11T23:32:31","date_gmt":"2025-12-12T04:32:31","guid":{"rendered":"https:\/\/yoyoso.yopuedo.pe\/?post_type=product&#038;p=765"},"modified":"2025-12-11T23:41:11","modified_gmt":"2025-12-12T04:41:11","slug":"audifonos-tws-cinnamoroll-mod-sx208-azul-sanrio-sanrio","status":"publish","type":"product","link":"https:\/\/yoyoso.yopuedo.pe\/index.php\/product\/audifonos-tws-cinnamoroll-mod-sx208-azul-sanrio-sanrio\/","title":{"rendered":"Aud\u00edfonos tws cinnamoroll mod sx208 azul sanrio &#8211; Sanrio"},"content":{"rendered":"<ul>\n<li>Te otorgan un dise\u00f1o en tonalidad azul con estuche tipo tocadiscos (disco giratorio) \u00a1Ideal para liberar el estr\u00e9s! Te permiten escuchar tu m\u00fasica v\u00eda bluetooth de una manera c\u00f3moda y sin cables (incluye cable de carga tipo C) \u00a1Se adaptaran perfectamente a tus o\u00eddos! \u00a1Disfruta de tu m\u00fasica favorita y deja que te transporten a otra dimensi\u00f3n!<\/li>\n<\/ul>\n","protected":false},"excerpt":{"rendered":"<p>Te otorgan un dise\u00f1o en tonalidad azul con estuche tipo tocadiscos (disco giratorio) \u00a1Ideal para liberar el estr\u00e9s! Te permiten escuchar tu m\u00fasica v\u00eda bluetooth de una manera c\u00f3moda y sin cables (incluye cable de carga tipo C) \u00a1Se adaptaran perfectamente a tus o\u00eddos! \u00a1Disfruta de tu m\u00fasica favorita y deja que te transporten a [&hellip;]<\/p>\n","protected":false},"featured_media":666,"comment_status":"open","ping_status":"closed","template":"","meta":[],"product_brand":[31],"product_cat":[20],"product_tag":[],"class_list":{"0":"post-765","1":"product","2":"type-product","3":"status-publish","4":"has-post-thumbnail","6":"product_brand-yoyoso","7":"product_cat-hogar","9":"first","10":"instock","11":"sale","12":"shipping-taxable","13":"purchasable","14":"product-type-simple"},"_links":{"self":[{"href":"https:\/\/yoyoso.yopuedo.pe\/index.php\/wp-json\/wp\/v2\/product\/765","targetHints":{"allow":["GET"]}}],"collection":[{"href":"https:\/\/yoyoso.yopuedo.pe\/index.php\/wp-json\/wp\/v2\/product"}],"about":[{"href":"https:\/\/yoyoso.yopuedo.pe\/index.php\/wp-json\/wp\/v2\/types\/product"}],"replies":[{"embeddable":true,"href":"https:\/\/yoyoso.yopuedo.pe\/index.php\/wp-json\/wp\/v2\/comments?post=765"}],"wp:featuredmedia":[{"embeddable":true,"href":"https:\/\/yoyoso.yopuedo.pe\/index.php\/wp-json\/wp\/v2\/media\/666"}],"wp:attachment":[{"href":"https:\/\/yoyoso.yopuedo.pe\/index.php\/wp-json\/wp\/v2\/media?parent=765"}],"wp:term":[{"taxonomy":"product_brand","embeddable":true,"href":"https:\/\/yoyoso.yopuedo.pe\/index.php\/wp-json\/wp\/v2\/product_brand?post=765"},{"taxonomy":"product_cat","embeddable":true,"href":"https:\/\/yoyoso.yopuedo.pe\/index.php\/wp-json\/wp\/v2\/product_cat?post=765"},{"taxonomy":"product_tag","embeddable":true,"href":"https:\/\/yoyoso.yopuedo.pe\/index.php\/wp-json\/wp\/v2\/product_tag?post=765"}],"curies":[{"name":"wp","href":"https:\/\/api.w.org\/{rel}","templated":true}]}}